5 - (2 + 2). Let i = c - 47. Let m(v) = v + 19. What is the remainder when m(i) is divided by 2?
0
Let z = 203 - 184. Calculate the remainder when 48 is divided by z.
10
Let i = 350 + -189. Suppose 5*y - 30 = -5*w + 185, 51 = y + 5*w. What is the remainder when i is divided by y?
38
Let k = 126 - 120. What is the remainder when 34 is divided by k?
4
Let j(u) = 2*u**2 + 49*u - 33. What is the remainder when 176 is divided by j(-26)?
41
Let o be 1826/12 + 2*(-4)/48. Let p = 247 - o. What is the remainder when p is divided by 25?
20
Suppose -5*p + 4*h + 20 = 0, 3*p - h = -6*h - 25. Suppose -5*d + 5 + 5 = p. Suppose -x + 141 = d*x. What is the remainder when x is divided by 12?
11
Let c(k) = 10*k - 39. Let f be c(6). Let d = 37 - f. Calculate the remainder when d is divided by 9.
7
What is the remainder when -5*(-2035)/99 - 2/(-9) is divided by 9?
4
Let f = -15 - -35. What is the remainder when 1/(-2) - (-1190)/20 is divided by f?
19
Let y be (-4)/(-14) + 48/28. Suppose 4*m = y*m + 50. Suppose m = 3*p + 10. Calculate the remainder when p is divided by 4.
1
Let t(h) = -h + 23. Let v be t(9). Suppose 264 = v*s - 10*s. What is the remainder when s is divided by 17?
15
Let q(d) = -d**2 - d - 20. Let b be q(0). Let s = b + 96. Suppose -3*v = -34 - 5. What is the remainder when s is divided by v?
11
Let k(q) = -q - 8. Let t be k(-11). Suppose -12 + 0 = -t*m. Let h = 5 + m. Calculate the remainder when h is divided by 3.
0
Let r be (3*(-6)/(-36))/(1/78). What is the remainder when r*42/90 + (-1)/5 is divided by 10?
8
What is the remainder when 168 is divided by (-6 - 130)/(-4)*1?
32
Let b = 148 - 130. Calculate the remainder when 87 is divided by b.
15
Suppose p - 9 = t + 15, -3*p = -5*t - 70. What is the remainder when (48/10)/(1/10) is divided by p?
23
Suppose 10*o = 75 + 75. What is the remainder when 66 is divided by o?
6
Let p(x) = x**3 - 10*x**2 + 10*x - 5. What is the remainder when (-4)/((-24)/(-42))*-1 is divided by p(9)?
3
What is the remainder when (0 - 108)/((-328)/738) is divided by 21?
12
Suppose -16*p + p + 45 = 0. Suppose 4*h - 9 = p. Calculate the remainder when 15 is divided by h.
0
Let l(b) = b**3 - 2*b**2 - 32*b + 178. What is the remainder when l(5) is divided by 10?
3
Let n = 828 + -808. What is the remainder when 78 is divided by n?
18
Suppose -2*i = -m + 404, -4*i - 1620 = 2*m - 6*m. Calculate the remainder when m is divided by 51.
49
Let d(y) be the first derivative of y**3/3 + 4*y**2 - 18*y - 29. What is the remainder when 71 is divided by d(-11)?
11
Suppose -85 = 2*l - 17. Let n = 2 - l. Suppose 2*a = -2*a + n. What is the remainder when a is divided by 5?
4
Suppose 5*i - 45 = -3*z, 4*i + 2*z - 4 = 30. What is the remainder when 21 is divided by (i + (-128)/8)*3/(-5)?
3
Suppose -48 = -8*o - 8. Suppose o*z - 10 = -0*z. Calculate the remainder when 12 is divided by z.
0
Let o(t) = -4*t + 166. What is the remainder when 106 is divided by o(27)?
48
Calculate the remainder when ((-5)/(-30) - 0)*786 is divided by (-3)/9 + (-100)/(-3).
32
Let s = 10189 + -10151. Suppose -3*y = y - 52. Calculate the remainder when s is divided by y.
12
Suppose 83*i - 20349 = 20*i. What is the remainder when i is divided by 33?
26
Suppose -c = -5, 3*b = c - 4*c + 69. Calculate the remainder when 680/(-12)*9/(-6) is divided by b.
13
Let w be 14*(9/6 - 1). Let n = 42 + w. Let c = 81 - 68. Calculate the remainder when n is divided by c.
10
Let v = -305 + 318. Calculate the remainder when 49 is divided by v.
10
Let a = 4423 + -4403. Suppose 0 = 3*g - 173 + 74. Suppose -2*w + g + 76 = -u, 275 = 5*w - 2*u. Calculate the remainder when w is divided by a.
17
Let d be -42 + -6 + 3 + 0. Let x be 6/d + (-4)/(-30). Suppose -l + 38 - 8 = x. Calculate the remainder when l is divided by 8.
6
Let z = -337 + 508. What is the remainder when z is divided by 35?
31
Let y(f) = -f**3 - 3*f**2 + 3*f + 6. What is the remainder when y(-6) is divided by 10?
6
Let l = 110 - 82. Let x = -5 - -20. Calculate the remainder when l is divided by x.
13
Suppose 2*p = 574 + 924. What is the remainder when p is divided by 94?
91
Suppose 0 = -q + 8*o - 5*o + 714, -q + 709 = 2*o. What is the remainder when q is divided by 102?
99
Calculate the remainder when (-12)/((-2)/((-180)/618) + -7) is divided by 5.
0
Let a = 7 - -7. Let t(v) = 11*v - 10. Let z be (0 - -10) + 1 - 4. Calculate the remainder when t(z) is divided by a.
11
Let n(p) = -p**3 - 4*p**2 + 5*p. Let t be n(-5). Let d be 4/(-10) - 222/(-30). Suppose t = 10*s - d*s - 123. What is the remainder when s is divided by 11?
8
Let v(o) = 2*o**2 - 8*o + 9. Let l be v(7). Let r = l + 70. What is the remainder when r is divided by 31?
28
Let b(v) = 3*v**2 + 5*v - 6. Let u(h) = 13*h**2 - 8*h - 3. Calculate the remainder when u(-3) is divided by b(3).
30
Suppose -26*t + 20 = -58. Suppose 3*d + b = -3*b + 47, 50 = 5*d + b. What is the remainder when d is divided by t?
0
What is the remainder when 4/22 + 5928/66 is divided by 32?
26
Suppose 2*i - v - 20 = v, i = 3*v + 20. Suppose -2*k = 4*n - 14, 0*k + k = i*n. Let s(g) = 114*g**3. What is the remainder when s(n) is divided by 29?
27
Suppose 3 = s - 12. Let r = -13 + s. Calculate the remainder when 21/4 - (-1)/(-4) is divided by r.
1
Suppose -116 = -4*a - 0*a. What is the remainder when a is divided by ((-18)/4)/(-9 + (-45)/(-6))?
2
Let s(w) = -w**2 - 15*w - 21. Calculate the remainder when s(-11) is divided by 16.
7
Let i(v) = -v**2 - v - 5. Let k(q) = -2*q**2 - 2*q - 11. Let j(x) = -5*i(x) + 2*k(x). Calculate the remainder when j(-5) is divided by 12.
11
Let w(j) = -j + 26. Let v(s) = -4*s + 4. Let m be v(-2). Calculate the remainder when w(m) is divided by 6.
2
Suppose -3*f + h + 91 = 0, -2*f + 5*h = 2*f - 125. Suppose 180 + f = 6*s. Suppose -8*v = -5*v - 36. What is the remainder when s is divided by v?
11
Suppose 0 = 186*r - 181*r - 455. What is the remainder when 545 is divided by r?
90
Suppose -28 = -2*l - 2*z + 10, -2*l - z = -35. Calculate the remainder when 93 is divided by l.
13
Suppose 4*o - 50 = 14. Suppose -3*r - r + o = 0. Suppose 70 = y - 5*v, -4*y + v = r*v - 280. Calculate the remainder when y is divided by 18.
16
Let p be 12*(-3 + (-30)/(-9)). Let u = 38 - -64. Calculate the remainder when u is divided by (-78)/p*72/(-54).
24
Let b(a) = -a**3 + 10*a**2 - 16*a + 21. What is the remainder when 79 is divided by b(8)?
16
Let y(q) = 4*q**2 - 3*q + 2. Suppose -14 = 4*i + 2. Calculate the remainder when y(3) is divided by i/(-12) - (-87)/9.
9
Let h be (-2)/5 + (-1080)/50. Let a = -8 - h. What is the remainder when 55 is divided by a?
13
Let h(t) = -28*t - 14. Let f be h(-8). Suppose 3*a + f = 8*a. What is the remainder when a is divided by 12?
6
Let g(t) = -t**3 - 6*t**2 + 6*t - 11. Let m be g(-7). Calculate the remainder when 69 is divided by (-55)/m + 17/68.
13
Let n be ((-6)/(-5))/(84/(-35) - -3). Suppose 0 = -3*k + n*h + 27, 4 + 23 = 3*k + 5*h. What is the remainder when k is divided by -2 + 1 + 1 - -5?
4
Suppose 0 = -2*b - 5*l + 37, 8*b - 139 = 4*b + 3*l. What is the remainder when 617 is divided by b?
28
Calculate the remainder when 13 is divided by 2*3*(-117)/(-78).
4
Calculate the remainder when 47 - -6 - (-40)/(-10) is divided by 27.
22
Let h(w) = -18*w + 3. Let v be h(-1). Let b = v + 27. Calculate the remainder when b is divided by 25.
23
Let c(s) = s**3 + 4*s**2 - 4*s - 7. Let t be c(-5). Let o be ((-6)/t)/((-1)/(-12)). Suppose -2*w + 4*w = o. Calculate the remainder when 9 is divided by w.
0
Let h(z) = -z**3 + 20*z**2 - 51*z - 41. Calculate the remainder when h(16) is divided by 6.
5
Suppose 3*y - 1737 = -0*y - 2*i, 4*i - 2320 = -4*y. What is the remainder when y is divided by 58?
55
Suppose -5*n + 14 = -131. What is the remainder when 142 is divided by n?
26
Let r = 31 - 30. Suppose -1 = -3*k - w + r, 8 = 4*w. Suppose -3*v + 75 = 3*c, 4*c = -k*c - 2*v + 106. Calculate the remainder when c is divided by 17.
11
Let v = -251 + 276. Calculate the remainder when 60 is divided by v.
10
Let b = 70 - 48. Suppose -2*h = -21 - 35. Suppose r = -4*f + h, -2*r - 18 = -5*f + r. Calculate the remainder when b is divided by f.
4
Suppose 6*a - 45 = 27. Suppose -a*i - 24 = -13*i. What is the remainder when 118 is divided by i?
22
Let i be 1/(2 - 9/4). What is the remainder when 11 i